{"id":64,"date":"2020-09-21T16:00:02","date_gmt":"2020-09-21T14:00:02","guid":{"rendered":"http:\/\/osteopathie-nice.fr\/?page_id=64"},"modified":"2026-01-19T17:10:03","modified_gmt":"2026-01-19T16:10:03","slug":"quand-consulter-un-osteopathe","status":"publish","type":"page","link":"https:\/\/osteopathie-nice.fr\/index.php\/quand-consulter-un-osteopathe\/","title":{"rendered":"Quand aller voir un ost\u00e9opathe ?"},"content":{"rendered":"\n<p>Tout comme la r\u00e9vision de votre voiture vous devez penser \u00e0 prendre soin de votre corps. Nous allons voir ensemble quand consulter votre ost\u00e9opathe Blanche-Ma\u00eblle FLORANCE \u00e0 Nice. Quelque soit votre \u00e2ge. <a href=\"https:\/\/osteopathie-nice.fr\/index.php\/2020\/09\/28\/quand-consulter-son-osteopathe-pour-son-enfant\/\">Enfant<\/a>, adultes, <a href=\"https:\/\/osteopathie-nice.fr\/index.php\/blog\/\">seniors<\/a>, sportifs.<\/p>\n\n\n\n<p>En lisant ceci vous saurez quand consulter un ost\u00e9opathe mais il est pr\u00e9f\u00e9rable malgr\u00e9 tout d&rsquo;avoir un avis m\u00e9dical.<\/p>\n\n\n\n<div class=\"wp-block-media-text alignwide is-stacked-on-mobile\" style=\"grid-template-columns:23% auto\"><figure class=\"wp-block-media-text__media\"><img loading=\"lazy\" decoding=\"async\" width=\"1024\" height=\"683\" src=\"https:\/\/osteopathie-nice.fr\/wp-content\/uploads\/2020\/09\/1226106445-huge-1024x683.jpg\" alt=\"femme ayant mal au dos et voulant consulter un ost\u00e9opathe.\n\" class=\"wp-image-72 size-full\" srcset=\"https:\/\/osteopathie-nice.fr\/wp-content\/uploads\/2020\/09\/1226106445-huge-1024x683.jpg 1024w, https:\/\/osteopathie-nice.fr\/wp-content\/uploads\/2020\/09\/1226106445-huge-300x200.jpg 300w, https:\/\/osteopathie-nice.fr\/wp-content\/uploads\/2020\/09\/1226106445-huge-768x512.jpg 768w, https:\/\/osteopathie-nice.fr\/wp-content\/uploads\/2020\/09\/1226106445-huge-1536x1024.jpg 1536w, https:\/\/osteopathie-nice.fr\/wp-content\/uploads\/2020\/09\/1226106445-huge-2048x1365.jpg 2048w, https:\/\/osteopathie-nice.fr\/wp-content\/uploads\/2020\/09\/1226106445-huge-1200x800.jpg 1200w, https:\/\/osteopathie-nice.fr\/wp-content\/uploads\/2020\/09\/1226106445-huge-1980x1320.jpg 1980w\" sizes=\"auto, (max-width: 1024px) 100vw, 1024px\" \/><\/figure><div class=\"wp-block-media-text__content\">\n<p>URGENCE: Lumbago et torticolis sont des motifs r\u00e9currents de consultation en ost\u00e9opathie. Votre ost\u00e9opathe fera tout son possible pour vous recevoir tr\u00e8s rapidement. Prenez l&rsquo;avis de votre m\u00e9decin, en particulier s&rsquo;il y a eu un traumatisme. Contactez ensuite votre ost\u00e9opathe qui vous dira s&rsquo;il peut vous aider.<\/p>\n<\/div><\/div>\n\n\n\n<div class=\"wp-block-media-text alignwide is-stacked-on-mobile\" style=\"grid-template-columns:23% auto\"><figure class=\"wp-block-media-text__media\"><img loading=\"lazy\" decoding=\"async\" width=\"1024\" height=\"682\" src=\"https:\/\/osteopathie-nice.fr\/wp-content\/uploads\/2020\/09\/AdobeStock_86050541petit-1024x682.jpg\" alt=\"femme qui consulte un ost\u00e9opathe qui a des troubles digestifs\" class=\"wp-image-75 size-full\" srcset=\"https:\/\/osteopathie-nice.fr\/wp-content\/uploads\/2020\/09\/AdobeStock_86050541petit-1024x682.jpg 1024w, https:\/\/osteopathie-nice.fr\/wp-content\/uploads\/2020\/09\/AdobeStock_86050541petit-300x200.jpg 300w, https:\/\/osteopathie-nice.fr\/wp-content\/uploads\/2020\/09\/AdobeStock_86050541petit-768x512.jpg 768w, https:\/\/osteopathie-nice.fr\/wp-content\/uploads\/2020\/09\/AdobeStock_86050541petit-1536x1024.jpg 1536w, https:\/\/osteopathie-nice.fr\/wp-content\/uploads\/2020\/09\/AdobeStock_86050541petit-2048x1365.jpg 2048w, https:\/\/osteopathie-nice.fr\/wp-content\/uploads\/2020\/09\/AdobeStock_86050541petit-1200x800.jpg 1200w, https:\/\/osteopathie-nice.fr\/wp-content\/uploads\/2020\/09\/AdobeStock_86050541petit-1980x1319.jpg 1980w\" sizes=\"auto, (max-width: 1024px) 100vw, 1024px\" \/><\/figure><div class=\"wp-block-media-text__content\">\n<p><a href=\"https:\/\/osteopathie-nice.fr\/index.php\/troubles-digestifs\/\">TROUBLES DIGESTIFS<\/a>: Votre ost\u00e9opathe peut soulager vos douleurs et troubles digestifs. En particulier lorsque tous les examens m\u00e9dicaux sont normaux mais que vous souffrez. Le syndrome de l&rsquo;intestin irritable, les colopathies chroniques. Mais aussi les douleurs de parois abdominales inexpliqu\u00e9es. Blanche-Ma\u00eblle FLORANCE est une des rares ost\u00e9opathes sp\u00e9cialistes en France sur les troubles digestifs. Elle a publi\u00e9 <a href=\"https:\/\/pubmed.ncbi.nlm.nih.gov\/22546751\/\" target=\"_blank\" rel=\"noreferrer noopener\">un article<\/a> sur le sujet en collaboration avec le PR Thierry PICHE CHU Archet Nice).<\/p>\n<\/div><\/div>\n\n\n\n<div class=\"wp-block-media-text alignwide is-stacked-on-mobile\" style=\"grid-template-columns:23% auto\"><figure class=\"wp-block-media-text__media\"><img loading=\"lazy\" decoding=\"async\" width=\"1024\" height=\"683\" src=\"https:\/\/osteopathie-nice.fr\/wp-content\/uploads\/2020\/09\/shutterstock_586967177-1024x683.jpg\" alt=\"femme ayant des migraines et voulant consulter un ost\u00e9opathe\" class=\"wp-image-71 size-full\" srcset=\"https:\/\/osteopathie-nice.fr\/wp-content\/uploads\/2020\/09\/shutterstock_586967177-1024x683.jpg 1024w, https:\/\/osteopathie-nice.fr\/wp-content\/uploads\/2020\/09\/shutterstock_586967177-300x200.jpg 300w, https:\/\/osteopathie-nice.fr\/wp-content\/uploads\/2020\/09\/shutterstock_586967177-768x512.jpg 768w, https:\/\/osteopathie-nice.fr\/wp-content\/uploads\/2020\/09\/shutterstock_586967177-1536x1024.jpg 1536w, https:\/\/osteopathie-nice.fr\/wp-content\/uploads\/2020\/09\/shutterstock_586967177-2048x1365.jpg 2048w, https:\/\/osteopathie-nice.fr\/wp-content\/uploads\/2020\/09\/shutterstock_586967177-1200x800.jpg 1200w, https:\/\/osteopathie-nice.fr\/wp-content\/uploads\/2020\/09\/shutterstock_586967177-1980x1320.jpg 1980w\" sizes=\"auto, (max-width: 1024px) 100vw, 1024px\" \/><\/figure><div class=\"wp-block-media-text__content\">\n<p>CEPHALEES et MIGRAINES: Une fois les examens m\u00e9dicaux n\u00e9cessaires faits pour \u00e9carter toutes pathologies graves les patients restent avec leurs douleurs  chroniques et doivent \u00ab\u00a0vivre avec\u00a0\u00bb. Votre ost\u00e9opathe peut vous soulager car de nombreux maux de t\u00eates viennent de tensions cervicales et cr\u00e2niennes.<\/p>\n<\/div><\/div>\n\n\n\n<div class=\"wp-block-media-text alignwide is-stacked-on-mobile\" style=\"grid-template-columns:23% auto\"><figure class=\"wp-block-media-text__media\"><img loading=\"lazy\" decoding=\"async\" width=\"1024\" height=\"683\" src=\"https:\/\/osteopathie-nice.fr\/wp-content\/uploads\/2020\/09\/AdobeStock_86990370-1024x683.jpeg\" alt=\"femme faisant un bilan ost\u00e9opathique\" class=\"wp-image-58 size-full\" srcset=\"https:\/\/osteopathie-nice.fr\/wp-content\/uploads\/2020\/09\/AdobeStock_86990370-1024x683.jpeg 1024w, https:\/\/osteopathie-nice.fr\/wp-content\/uploads\/2020\/09\/AdobeStock_86990370-300x200.jpeg 300w, https:\/\/osteopathie-nice.fr\/wp-content\/uploads\/2020\/09\/AdobeStock_86990370-768x512.jpeg 768w, https:\/\/osteopathie-nice.fr\/wp-content\/uploads\/2020\/09\/AdobeStock_86990370-1536x1024.jpeg 1536w, https:\/\/osteopathie-nice.fr\/wp-content\/uploads\/2020\/09\/AdobeStock_86990370-2048x1365.jpeg 2048w, https:\/\/osteopathie-nice.fr\/wp-content\/uploads\/2020\/09\/AdobeStock_86990370-1200x800.jpeg 1200w, https:\/\/osteopathie-nice.fr\/wp-content\/uploads\/2020\/09\/AdobeStock_86990370-1980x1320.jpeg 1980w\" sizes=\"auto, (max-width: 1024px) 100vw, 1024px\" \/><\/figure><div class=\"wp-block-media-text__content\">\n<p>BILAN: Une \u00e0 deux fois par an une s\u00e9ance d&rsquo;ost\u00e9opathie de bilan permet de pr\u00e9venir les blocages. \u00c9liminer les tensions accumul\u00e9es et r\u00e9\u00e9quilibrer le corps pour repartir sur de bonnes bases permet de garder un corps en bonne sant\u00e9.<\/p>\n<\/div><\/div>\n\n\n\n<div class=\"wp-block-media-text alignwide is-stacked-on-mobile\" style=\"grid-template-columns:23% auto\"><figure class=\"wp-block-media-text__media\"><img loading=\"lazy\" decoding=\"async\" width=\"1024\" height=\"683\" src=\"https:\/\/osteopathie-nice.fr\/wp-content\/uploads\/2020\/10\/shutterstock_1033938349-1024x683.jpg\" alt=\"\" class=\"wp-image-121 size-full\" srcset=\"https:\/\/osteopathie-nice.fr\/wp-content\/uploads\/2020\/10\/shutterstock_1033938349-1024x683.jpg 1024w, https:\/\/osteopathie-nice.fr\/wp-content\/uploads\/2020\/10\/shutterstock_1033938349-300x200.jpg 300w, https:\/\/osteopathie-nice.fr\/wp-content\/uploads\/2020\/10\/shutterstock_1033938349-768x512.jpg 768w, https:\/\/osteopathie-nice.fr\/wp-content\/uploads\/2020\/10\/shutterstock_1033938349-1536x1024.jpg 1536w, https:\/\/osteopathie-nice.fr\/wp-content\/uploads\/2020\/10\/shutterstock_1033938349-2048x1365.jpg 2048w, https:\/\/osteopathie-nice.fr\/wp-content\/uploads\/2020\/10\/shutterstock_1033938349-1200x800.jpg 1200w, https:\/\/osteopathie-nice.fr\/wp-content\/uploads\/2020\/10\/shutterstock_1033938349-1980x1320.jpg 1980w\" sizes=\"auto, (max-width: 1024px) 100vw, 1024px\" \/><\/figure><div class=\"wp-block-media-text__content\">\n<p>ENFANT: Quand consulter un ost\u00e9opathe pour son enfant? De la naissance \u00e0 l&rsquo;\u00e2ge adulte l&rsquo;ost\u00e9opathie tient une place importante dans votre vie. L&rsquo;article <a href=\"https:\/\/osteopathie-nice.fr\/index.php\/2020\/09\/28\/quand-consulter-son-osteopathe-pour-son-enfant\/\">l&rsquo;ost\u00e9opathie pour les enfants <\/a>vous expliquera les motifs de consultations. Du bilan au suivi orthodontique en passant par les troubles digestifs vous saurez quand consulter un ost\u00e9opathe.<\/p>\n<\/div><\/div>\n\n\n\n<div class=\"wp-block-media-text alignwide is-stacked-on-mobile\" style=\"grid-template-columns:23% auto\"><figure class=\"wp-block-media-text__media\"><img loading=\"lazy\" decoding=\"async\" width=\"2560\" height=\"1598\" src=\"https:\/\/osteopathie-nice.fr\/wp-content\/uploads\/2022\/11\/AdobeStock_176082384-scaled.jpeg\" alt=\"\" class=\"wp-image-366 size-full\" srcset=\"https:\/\/osteopathie-nice.fr\/wp-content\/uploads\/2022\/11\/AdobeStock_176082384-scaled.jpeg 2560w, https:\/\/osteopathie-nice.fr\/wp-content\/uploads\/2022\/11\/AdobeStock_176082384-scaled-600x375.jpeg 600w\" sizes=\"auto, (max-width: 2560px) 100vw, 2560px\" \/><\/figure><div class=\"wp-block-media-text__content\">\n<p class=\"has-normal-font-size\">GROSSESSE: Durant la grossesse l&rsquo;ost\u00e9opathie peut apporter beaucoup de confort. La posture change, des douleurs peuvent survenir notamment en bas du dos. Les femmes enceintes ont parfois des reflux, des douleurs ligamentaires, tous ces sympt\u00f4mes fonctionnels peuvent \u00eatre soulag\u00e9s par des s\u00e9ances d&rsquo;ost\u00e9opathie. L&rsquo;ost\u00e9opathe va \u00e9galement pr\u00e9parer le bassin pour l&rsquo;accouchement.<\/p>\n<\/div><\/div>\n","protected":false},"excerpt":{"rendered":"<p>Tout comme la r\u00e9vision de votre voiture vous devez penser \u00e0 prendre soin de votre corps. Nous allons voir ensemble quand consulter votre ost\u00e9opathe Blanche-Ma\u00eblle FLORANCE \u00e0 Nice. Quelque soit &hellip; <\/p>\n","protected":false},"author":1,"featured_media":0,"parent":0,"menu_order":0,"comment_status":"closed","ping_status":"closed","template":"","meta":{"_yoast_wpseo_focuskw":"quand consulter un ost\u00e9opathe ?","_yoast_wpseo_title":"","_yoast_wpseo_metadesc":"Quand consulter un ost\u00e9opathe? Lumbago, torticolis, troubles digestifs, migraines, grossesse. A tout \u00e2ge votre ost\u00e9opathe \u00e0 Nice vous soigne.","footnotes":""},"class_list":["post-64","page","type-page","status-publish","hentry"],"yoast_head":"<!-- This site is optimized with the Yoast SEO plugin v27.4 - https:\/\/yoast.com\/product\/yoast-seo-wordpress\/ -->\n<title>Quand aller voir un ost\u00e9opathe ? - Ost\u00e9opathe Nice Centre - Blanche-Ma\u00eblleFlorance<\/title>\n<meta name=\"description\" content=\"Quand consulter un ost\u00e9opathe? Lumbago, torticolis, troubles digestifs, migraines, grossesse. A tout \u00e2ge votre ost\u00e9opathe \u00e0 Nice vous soigne.\" \/>\n<meta name=\"robots\" content=\"index, follow, max-snippet:-1, max-image-preview:large, max-video-preview:-1\" \/>\n<link rel=\"canonical\" href=\"https:\/\/osteopathie-nice.fr\/index.php\/quand-consulter-un-osteopathe\/\" \/>\n<meta property=\"og:locale\" content=\"fr_FR\" \/>\n<meta property=\"og:type\" content=\"article\" \/>\n<meta property=\"og:title\" content=\"Quand aller voir un ost\u00e9opathe ? - Ost\u00e9opathe Nice Centre - Blanche-Ma\u00eblleFlorance\" \/>\n<meta property=\"og:description\" content=\"Quand consulter un ost\u00e9opathe? Lumbago, torticolis, troubles digestifs, migraines, grossesse. A tout \u00e2ge votre ost\u00e9opathe \u00e0 Nice vous soigne.\" \/>\n<meta property=\"og:url\" content=\"https:\/\/osteopathie-nice.fr\/index.php\/quand-consulter-un-osteopathe\/\" \/>\n<meta property=\"og:site_name\" content=\"Ost\u00e9opathe Nice Centre - Blanche-Ma\u00eblleFlorance\" \/>\n<meta property=\"article:publisher\" content=\"https:\/\/www.facebook.com\/osteopathenice\" \/>\n<meta property=\"article:modified_time\" content=\"2026-01-19T16:10:03+00:00\" \/>\n<meta property=\"og:image\" content=\"http:\/\/osteopathie-nice.fr\/wp-content\/uploads\/2020\/09\/1226106445-huge-1024x683.jpg\" \/>\n<meta name=\"twitter:card\" content=\"summary_large_image\" \/>\n<meta name=\"twitter:site\" content=\"@osteonice\" \/>\n<meta name=\"twitter:label1\" content=\"Dur\u00e9e de lecture estim\u00e9e\" \/>\n\t<meta name=\"twitter:data1\" content=\"4 minutes\" \/>\n<script type=\"application\/ld+json\" class=\"yoast-schema-graph\">{\"@context\":\"https:\\\/\\\/schema.org\",\"@graph\":[{\"@type\":\"WebPage\",\"@id\":\"https:\\\/\\\/osteopathie-nice.fr\\\/index.php\\\/quand-consulter-un-osteopathe\\\/\",\"url\":\"https:\\\/\\\/osteopathie-nice.fr\\\/index.php\\\/quand-consulter-un-osteopathe\\\/\",\"name\":\"Quand aller voir un ost\u00e9opathe ? - Ost\u00e9opathe Nice Centre - Blanche-Ma\u00eblleFlorance\",\"isPartOf\":{\"@id\":\"https:\\\/\\\/osteopathie-nice.fr\\\/#website\"},\"primaryImageOfPage\":{\"@id\":\"https:\\\/\\\/osteopathie-nice.fr\\\/index.php\\\/quand-consulter-un-osteopathe\\\/#primaryimage\"},\"image\":{\"@id\":\"https:\\\/\\\/osteopathie-nice.fr\\\/index.php\\\/quand-consulter-un-osteopathe\\\/#primaryimage\"},\"thumbnailUrl\":\"http:\\\/\\\/osteopathie-nice.fr\\\/wp-content\\\/uploads\\\/2020\\\/09\\\/1226106445-huge-1024x683.jpg\",\"datePublished\":\"2020-09-21T14:00:02+00:00\",\"dateModified\":\"2026-01-19T16:10:03+00:00\",\"description\":\"Quand consulter un ost\u00e9opathe? Lumbago, torticolis, troubles digestifs, migraines, grossesse. A tout \u00e2ge votre ost\u00e9opathe \u00e0 Nice vous soigne.\",\"breadcrumb\":{\"@id\":\"https:\\\/\\\/osteopathie-nice.fr\\\/index.php\\\/quand-consulter-un-osteopathe\\\/#breadcrumb\"},\"inLanguage\":\"fr-FR\",\"potentialAction\":[{\"@type\":\"ReadAction\",\"target\":[\"https:\\\/\\\/osteopathie-nice.fr\\\/index.php\\\/quand-consulter-un-osteopathe\\\/\"]}]},{\"@type\":\"ImageObject\",\"inLanguage\":\"fr-FR\",\"@id\":\"https:\\\/\\\/osteopathie-nice.fr\\\/index.php\\\/quand-consulter-un-osteopathe\\\/#primaryimage\",\"url\":\"http:\\\/\\\/osteopathie-nice.fr\\\/wp-content\\\/uploads\\\/2020\\\/09\\\/1226106445-huge-1024x683.jpg\",\"contentUrl\":\"http:\\\/\\\/osteopathie-nice.fr\\\/wp-content\\\/uploads\\\/2020\\\/09\\\/1226106445-huge-1024x683.jpg\"},{\"@type\":\"BreadcrumbList\",\"@id\":\"https:\\\/\\\/osteopathie-nice.fr\\\/index.php\\\/quand-consulter-un-osteopathe\\\/#breadcrumb\",\"itemListElement\":[{\"@type\":\"ListItem\",\"position\":1,\"name\":\"Accueil\",\"item\":\"https:\\\/\\\/osteopathie-nice.fr\\\/\"},{\"@type\":\"ListItem\",\"position\":2,\"name\":\"Quand aller voir un ost\u00e9opathe ?\"}]},{\"@type\":\"WebSite\",\"@id\":\"https:\\\/\\\/osteopathie-nice.fr\\\/#website\",\"url\":\"https:\\\/\\\/osteopathie-nice.fr\\\/\",\"name\":\"BM Florance Ost\u00e9opathe Nice\",\"description\":\"Ost\u00e9opathie douce cr\u00e2nienne visc\u00e9rale et articulaire.\",\"potentialAction\":[{\"@type\":\"SearchAction\",\"target\":{\"@type\":\"EntryPoint\",\"urlTemplate\":\"https:\\\/\\\/osteopathie-nice.fr\\\/?s={search_term_string}\"},\"query-input\":{\"@type\":\"PropertyValueSpecification\",\"valueRequired\":true,\"valueName\":\"search_term_string\"}}],\"inLanguage\":\"fr-FR\"}]}<\/script>\n<!-- \/ Yoast SEO plugin. -->","yoast_head_json":{"title":"Quand aller voir un ost\u00e9opathe ? - Ost\u00e9opathe Nice Centre - Blanche-Ma\u00eblleFlorance","description":"Quand consulter un ost\u00e9opathe? Lumbago, torticolis, troubles digestifs, migraines, grossesse. A tout \u00e2ge votre ost\u00e9opathe \u00e0 Nice vous soigne.","robots":{"index":"index","follow":"follow","max-snippet":"max-snippet:-1","max-image-preview":"max-image-preview:large","max-video-preview":"max-video-preview:-1"},"canonical":"https:\/\/osteopathie-nice.fr\/index.php\/quand-consulter-un-osteopathe\/","og_locale":"fr_FR","og_type":"article","og_title":"Quand aller voir un ost\u00e9opathe ? - Ost\u00e9opathe Nice Centre - Blanche-Ma\u00eblleFlorance","og_description":"Quand consulter un ost\u00e9opathe? Lumbago, torticolis, troubles digestifs, migraines, grossesse. A tout \u00e2ge votre ost\u00e9opathe \u00e0 Nice vous soigne.","og_url":"https:\/\/osteopathie-nice.fr\/index.php\/quand-consulter-un-osteopathe\/","og_site_name":"Ost\u00e9opathe Nice Centre - Blanche-Ma\u00eblleFlorance","article_publisher":"https:\/\/www.facebook.com\/osteopathenice","article_modified_time":"2026-01-19T16:10:03+00:00","og_image":[{"url":"http:\/\/osteopathie-nice.fr\/wp-content\/uploads\/2020\/09\/1226106445-huge-1024x683.jpg","type":"","width":"","height":""}],"twitter_card":"summary_large_image","twitter_site":"@osteonice","twitter_misc":{"Dur\u00e9e de lecture estim\u00e9e":"4 minutes"},"schema":{"@context":"https:\/\/schema.org","@graph":[{"@type":"WebPage","@id":"https:\/\/osteopathie-nice.fr\/index.php\/quand-consulter-un-osteopathe\/","url":"https:\/\/osteopathie-nice.fr\/index.php\/quand-consulter-un-osteopathe\/","name":"Quand aller voir un ost\u00e9opathe ? - Ost\u00e9opathe Nice Centre - Blanche-Ma\u00eblleFlorance","isPartOf":{"@id":"https:\/\/osteopathie-nice.fr\/#website"},"primaryImageOfPage":{"@id":"https:\/\/osteopathie-nice.fr\/index.php\/quand-consulter-un-osteopathe\/#primaryimage"},"image":{"@id":"https:\/\/osteopathie-nice.fr\/index.php\/quand-consulter-un-osteopathe\/#primaryimage"},"thumbnailUrl":"http:\/\/osteopathie-nice.fr\/wp-content\/uploads\/2020\/09\/1226106445-huge-1024x683.jpg","datePublished":"2020-09-21T14:00:02+00:00","dateModified":"2026-01-19T16:10:03+00:00","description":"Quand consulter un ost\u00e9opathe? Lumbago, torticolis, troubles digestifs, migraines, grossesse. A tout \u00e2ge votre ost\u00e9opathe \u00e0 Nice vous soigne.","breadcrumb":{"@id":"https:\/\/osteopathie-nice.fr\/index.php\/quand-consulter-un-osteopathe\/#breadcrumb"},"inLanguage":"fr-FR","potentialAction":[{"@type":"ReadAction","target":["https:\/\/osteopathie-nice.fr\/index.php\/quand-consulter-un-osteopathe\/"]}]},{"@type":"ImageObject","inLanguage":"fr-FR","@id":"https:\/\/osteopathie-nice.fr\/index.php\/quand-consulter-un-osteopathe\/#primaryimage","url":"http:\/\/osteopathie-nice.fr\/wp-content\/uploads\/2020\/09\/1226106445-huge-1024x683.jpg","contentUrl":"http:\/\/osteopathie-nice.fr\/wp-content\/uploads\/2020\/09\/1226106445-huge-1024x683.jpg"},{"@type":"BreadcrumbList","@id":"https:\/\/osteopathie-nice.fr\/index.php\/quand-consulter-un-osteopathe\/#breadcrumb","itemListElement":[{"@type":"ListItem","position":1,"name":"Accueil","item":"https:\/\/osteopathie-nice.fr\/"},{"@type":"ListItem","position":2,"name":"Quand aller voir un ost\u00e9opathe ?"}]},{"@type":"WebSite","@id":"https:\/\/osteopathie-nice.fr\/#website","url":"https:\/\/osteopathie-nice.fr\/","name":"BM Florance Ost\u00e9opathe Nice","description":"Ost\u00e9opathie douce cr\u00e2nienne visc\u00e9rale et articulaire.","potentialAction":[{"@type":"SearchAction","target":{"@type":"EntryPoint","urlTemplate":"https:\/\/osteopathie-nice.fr\/?s={search_term_string}"},"query-input":{"@type":"PropertyValueSpecification","valueRequired":true,"valueName":"search_term_string"}}],"inLanguage":"fr-FR"}]}},"_links":{"self":[{"href":"https:\/\/osteopathie-nice.fr\/index.php\/wp-json\/wp\/v2\/pages\/64","targetHints":{"allow":["GET"]}}],"collection":[{"href":"https:\/\/osteopathie-nice.fr\/index.php\/wp-json\/wp\/v2\/pages"}],"about":[{"href":"https:\/\/osteopathie-nice.fr\/index.php\/wp-json\/wp\/v2\/types\/page"}],"author":[{"embeddable":true,"href":"https:\/\/osteopathie-nice.fr\/index.php\/wp-json\/wp\/v2\/users\/1"}],"replies":[{"embeddable":true,"href":"https:\/\/osteopathie-nice.fr\/index.php\/wp-json\/wp\/v2\/comments?post=64"}],"version-history":[{"count":10,"href":"https:\/\/osteopathie-nice.fr\/index.php\/wp-json\/wp\/v2\/pages\/64\/revisions"}],"predecessor-version":[{"id":652,"href":"https:\/\/osteopathie-nice.fr\/index.php\/wp-json\/wp\/v2\/pages\/64\/revisions\/652"}],"wp:attachment":[{"href":"https:\/\/osteopathie-nice.fr\/index.php\/wp-json\/wp\/v2\/media?parent=64"}],"curies":[{"name":"wp","href":"https:\/\/api.w.org\/{rel}","templated":true}]}}